t + 7. Let h be r(0). Let c = -33 + 89. What is the greatest common divisor of h and c?
7
Let k(b) = -7*b - 139. Let n be k(-28). What is the greatest common divisor of 38 and n?
19
Suppose -49*f + 16 = -53*f, -3*f + 729 = 3*j. What is the greatest common divisor of 38 and j?
19
Let g be (-8)/(-36) - (-223)/9. What is the highest common factor of 325 and g?
25
Let h(r) = -62*r + 188. Let a be h(3). What is the highest common divisor of 50 and a?
2
Let c be -2 + 94/2 + 1. Suppose 0 = -5*l - z + 536, c = l + 3*z - 50. Suppose -447 - 813 - 2223 = -129*x. What is the highest common divisor of l and x?
27
Let m = -76 + 283. Calculate the highest common divisor of m and 27.
9
Let y = -7 - -14. Suppose 2*q - y*q + 405 = 0. Let w be q/(-1)*-1 + -3. Calculate the greatest common factor of w and 52.
26
Suppose 0 = -523*p + 519*p + 64. Calculate the highest common divisor of 36 and p.
4
Suppose 18 + 27 = -5*a. Let b be -3 + 12/a*-81. Calculate the greatest common divisor of 15 and b.
15
Let f(p) = -p + 15. Let q be f(-7). What is the greatest common divisor of 319 and q?
11
Let o be 8/6*(-6)/4. Let x be 1/o - (-22)/4. Let p = 384 - 349. What is the highest common factor of p and x?
5
Suppose c - 19 = -p + 4*p, -p - 81 = -3*c. Calculate the greatest common factor of 252 and c.
28
Let r be (2*-1)/(7*(-4)/6958). What is the highest common factor of r and 213?
71
Let l be (0/(-2) - 3) + 961 + -22. Calculate the highest common factor of 12 and l.
12
Let q = 855 + -754. Calculate the highest common factor of q and 2.
1
Suppose -48 = -2*d - 2*d. Let w = d + -6. Let i(j) = 65*j + 653. Let h be i(-10). Calculate the greatest common divisor of w and h.
3
Let p be 6/((-18)/(-21)) + -2. Suppose p = -t + 2*o - 2, 0 = -2*t + o + 1. Suppose t*r + 0*r - 240 = 0. Calculate the highest common divisor of r and 16.
16
Let o be (-35)/25 + (-2)/(-5). Let p be 30*o/(-2) - 0. What is the greatest common divisor of p and 45?
15
Let s = 102 + 42. Calculate the highest common divisor of s and 936.
72
Suppose -11*z + 18*z = 3024. What is the greatest common factor of z and 96?
48
Let t be 2 + 3 + -1 + 1. Suppose 2*o = -4*p + 132, -t*o + 134 = 5*p - 181. Calculate the greatest common divisor of 20 and o.
20
Suppose 2*o = 3*o - 11. Let q = -2119 + 2196. What is the highest common divisor of o and q?
11
Let y(l) = -l**2 - 3 - 2*l**3 + 0 + 4 - 2*l. Let z be y(-2). Let g(r) = 46*r - 2. Let i be g(3). What is the greatest common divisor of i and z?
17
Let g(u) = 6*u + 4. Let a be g(3). Suppose -2*f + 1 = 9. Let k(o) = -o**3 - 2*o**2 + 4*o - 5. Let w be k(f). Calculate the greatest common divisor of a and w.
11
Let k(r) = -r**3 - 9*r**2 + 8*r - 20. Let o be k(-10). Suppose o = 3*q - 9, 18 - 78 = -3*w - 3*q. What is the greatest common factor of w and 17?
17
Let v(r) = 39*r**2 - 70*r + 27 - 70*r - 2*r**3 + 133*r. Let z be v(19). What is the highest common factor of z and 15?
15
Suppose -7*b - 480 = -17*b. Calculate the highest common divisor of b and 36.
12
Let u(c) be the first derivative of -c**4/4 - 2*c**3/3 + 4*c**2 - 3*c + 14. Let p be u(-5). What is the highest common divisor of 288 and p?
32
Let z be ((-2)/(-4) - 1)*(-100 - 2). Let a = z - 13. What is the highest common factor of 38 and a?
38
Suppose a - 2*q = -0 + 8, 2*q + 4 = 0. Let g(d) = 6*d + 188. Let z be g(-24). Calculate the greatest common factor of z and a.
4
Suppose 48*m - 49*m + 460 = 0. What is the highest common divisor of 20 and m?
20
Let t be 180/40*((-264)/(-9))/4. What is the greatest common factor of t and 561?
33
Let m be (16/(-10))/(20/(-50)). Suppose 2*b = -m*r + 58, r - 5*b = 2*r - 37. Calculate the highest common factor of r and 8.
4
Suppose -33*s - 32 = -362. Let u = 68 + -43. What is the highest common factor of u and s?
5
Let f = 12 + -6. Suppose 0 = -5*j + 10, 5*m + 0*m - 14 = 3*j. Suppose k = -2*y, k + m*k + 26 = 3*y. Calculate the greatest common factor of f and y.
2
Let v(i) = i**3 - i**2 - i + 24. Let n be v(0). Let k be ((-6)/4)/((-2)/n). Let j = -105 + 303. Calculate the highest common factor of j and k.
18
Let r(j) = j**3 - 13*j**2 - j + 17. Let o be r(13). Suppose w + 25 = -o*l + 6*l, -5*w - 50 = -5*l. What is the greatest common divisor of l and 15?
15
Let h = -311 - -315. What is the highest common factor of h and 52?
4
Suppose 0 = -5*q + 3*x + 1091, -4*q + 0*q + 892 = 4*x. Calculate the greatest common factor of 25 and q.
5
Let m(t) = t**3 - 3*t**2 + 5*t - 32. Let k be m(4). Calculate the highest common factor of 104 and k.
4
Let g = 224 + -124. Let d(s) = -3*s - 4. Let j be d(-8). Calculate the greatest common factor of j and g.
20
Suppose 0 = 5*n - 6*n - 17. Let q = n + 33. What is the greatest common divisor of 2 and q?
2
Let i = -1032 - -1041. Let f(l) = -l**2 + l + 18. Let b be f(0). Calculate the highest common factor of b and i.
9
Suppose -3*i = -33 - 39. Suppose 3*r + r - 8 = 0. Suppose -3*p = -r*p - 8. What is the highest common factor of p and i?
8
Suppose -4*s + 398 = v, -6*s + s = v - 497. Let c = 18 - 13. Suppose 28 = 2*q - q + c*k, 3*q = -3*k + 96. Calculate the greatest common divisor of q and s.
33
Let b = 115 - 200. Let l = 155 + b. Calculate the highest common divisor of 28 and l.
14
Suppose -k = -m - 39, -2*m + 81 = -5*k + 276. Calculate the greatest common divisor of 143 and k.
13
Let v = 29 - 18. Let n = v - 9. Let p be 4/3*18/4. Calculate the highest common divisor of n and p.
2
Let s be 3/(3 - 906/303). Suppose 5*z - 3*j = s, -3*j = -0*j - 12. What is the greatest common divisor of z and 7?
7
Let n(i) = 3*i**2 + 11*i + 392. Let d be n(0). What is the greatest common factor of d and 8?
8
Let n(g) = g + 41. Let f be n(11). Let m = f + -44. Calculate the highest common divisor of m and 24.
8
Let g(n) = 3*n**2 - 9*n. Let d be g(5). Suppose -5*t - 45 = -5*z, -4*z + t = -8*z + 21. Calculate the greatest common divisor of d and z.
6
Suppose -t + 65 = 38. Calculate the greatest common factor of 45 and t.
9
Let h be -13 + 33 - (9 + -3). Calculate the greatest common divisor of 126 and h.
14
Suppose -5*u - 3*q = -95, -u + 3*q = 2*u - 33. What is the highest common factor of 256 and u?
16
Suppose 4*q + 0*q = 72. Let m = 7 - q. Let a = m + 20. Calculate the greatest common factor of 63 and a.
9
Suppose 0*v = v - 1. Let g(o) = -3*o + o - v - 2 + 0. Let b be g(-6). What is the greatest common factor of 36 and b?
9
Let z(j) = -2*j - 1. Let a = -5 - 2. Let f = a + 5. Let p be z(f). Calculate the greatest common factor of 12 and p.
3
Suppose -158 - 57 = -s. What is the greatest common divisor of s and 86?
43
Let z(y) = 6*y - 2. Let m(u) = 11*u - 4. Let a(w) = 4*m(w) - 7*z(w). Let d be a(2). Let h be d*2/(-12)*-39. What is the greatest common divisor of 13 and h?
13
Suppose -6*s = 56 + 160. Let q = -33 - s. Calculate the highest common divisor of q and 12.
3
Suppose 130 = -g - g. Let c = 111 + g. Suppose 13 = -2*k + 151. Calculate the greatest common divisor of c and k.
23
Let k be (2727/4)/9 + (-12)/(-48). What is the greatest common divisor of 1102 and k?
38
Suppose 0 = 25*h - 6166 - 14834. What is the greatest common divisor of 200 and h?
40
Suppose -q + 3*m = 0, -3*q + m + 0*m = 32. Let z be 3*(4/q + 3). Suppose h = -0*h + z. Calculate the greatest common factor of h and 8.
8
Suppose 6*k - 28 = -4. Suppose 0 = -k*t + 3 + 17. Calculate the highest common factor of 45 and t.
5
Let o(y) = y**3 + 4*y**2 + 2*y + 7. Let m be o(-5). Let i be (-244)/m + 6/21. Let l = -4 + i. What is the highest common factor of 40 and l?
5
Let z = 513 + -172. What is the greatest common divisor of z and 31?
31
Let s be (-1713)/(-21) - 12/21. Let v(b) = -10*b**3 - 2*b**2 - 2*b - 1. Let y be v(-1). What is the highest common divisor of s and y?
9
Suppose -5*i + 0*i - 2*c + 4 = 0, 2*i + 8 = -4*c. Let s be (i/5)/((-4)/(-280)). Suppose 3*u + 2*u - 35 = 0. What is the greatest common divisor of u and s?
7
Suppose 0 = -2*m + 129 + 87. What is the highest common divisor of m and 12?
12
Suppose 12*s - 660 = -3*s. What is the greatest common factor of 22 and s?
22
Suppose 5*c - 6 = i, 4*c - 4*i + 2 + 6 = 0. What is the greatest common factor of 14 and c?
2
Suppose 30*d - 65484 = -77*d. Calculate the highest common divisor of d and 85.
17
Suppose 0 = 5*v - 168 - 637. Let n = 241 - 218. What is the highest common div